
Calculate the remainder when 273 is divided by 69.
66
Calculate the remainder when 413 is divided by 101.
9
What is the remainder when 183 is divided by 48?
39
What is the remainder when 806 is divided by 117?
104
Calculate the remainder when 8 is divided by 4.
0
Calculate the remainder when 270 is divided by 13.
10
Calculate the remainder when 1007 is divided by 29.
21
What is the remainder when 2408 is divided by 78?
68
What is the remainder when 115 is divided by 44?
27
What is the remainder when 976 is divided by 174?
106
What is the remainder when 167 is divided by 12?
11
Calculate the remainder when 3463 is divided by 183.
169
What is the remainder when 67 is divided by 10?
7
Calculate the remainder when 1159 is divided by 232.
231
What is the remainder when 2973 is divided by 119?
117
What is the remainder when 3156 is divided by 12?
0
What is the remainder when 48 is divided by 36?
12
What is the remainder when 230 is divided by 43?
15
What is the remainder when 431 is divided by 21?
11
What is the remainder when 193 is divided by 90?
13
Calculate the remainder when 668 is divided by 107.
26
What is the remainder when 33967 is divided by 86?
83
What is the remainder when 205 is divided by 39?
10
Calculate the remainder when 30059 is divided by 90.
89
What is the remainder when 5984 is divided by 63?
62
Calculate the remainder when 352 is divided by 39.
1
What is the remainder when 2334 is divided by 73?
71
Calculate the remainder when 72 is divided by 39.
33
Calculate the remainder when 477 is divided by 44.
37
Calculate the remainder when 243 is divided by 83.
77
What is the remainder when 198 is divided by 8?
6
What is the remainder when 82 is divided by 63?
19
Calculate the remainder when 8566 is divided by 209.
206
What is the remainder when 571 is divided by 282?
7
What is the remainder when 312 is divided by 85?
57
Calculate the remainder when 1104 is divided by 283.
255
What is the remainder when 317 is divided by 64?
61
Calculate the remainder when 5352 is divided by 206.
202
Calculate the remainder when 3372 is divided by 75.
72
Calculate the remainder when 1912 is divided by 128.
120
What is the remainder when 15 is divided by 5?
0
Calculate the remainder when 184 is divided by 8.
0
What is the remainder when 838 is divided by 143?
123
Calculate the remainder when 24 is divided by 3.
0
Calculate the remainder when 286 is divided by 134.
18
Calculate the remainder when 8817 is divided by 28.
25
What is the remainder when 649 is divided by 21?
19
What is the remainder when 224 is divided by 212?
12
Calculate the remainder when 3095 is divided by 97.
88
What is the remainder when 700 is divided by 54?
52
What is the remainder when 839 is divided by 28?
27
Calculate the remainder when 147 is divided by 9.
3
What is the remainder when 552 is divided by 143?
123
What is the remainder when 122 is divided by 41?
40
What is the remainder when 280 is divided by 59?
44
Calculate the remainder when 7552 is divided by 229.
224
What is the remainder when 2954 is divided by 102?
98
What is the remainder when 11087 is divided by 14?
13
Calculate the remainder when 618 is divided by 227.
164
Calculate the remainder when 180 is divided by 31.
25
What is the remainder when 550 is divided by 37?
32
Calculate the remainder when 136 is divided by 90.
46
What is the remainder when 2999 is divided by 30?
29
What is the remainder when 379 is divided by 129?
121
What is the remainder when 174 is divided by 37?
26
Calculate the remainder when 1336 is divided by 165.
16
What is the remainder when 564 is divided by 176?
36
What is the remainder when 376 is divided by 189?
187
Calculate the remainder when 2202 is divided by 49.
46
Calculate the remainder when 11651 is divided by 271.
269
What is the remainder when 1341 is divided by 3?
0
Calculate the remainder when 828 is divided by 47.
29
What is the remainder when 3835 is divided by 137?
136
Calculate the remainder when 195 is divided by 18.
15
What is the remainder when 42 is divided by 24?
18
Calculate the remainder when 2286 is divided by 567.
18
What is the remainder when 573 is divided by 45?
33
Calculate the remainder when 394 is divided by 197.
0
Calculate the remainder when 3959 is divided by 25.
9
What is the remainder when 662 is divided by 13?
12
What is the remainder when 1593 is divided by 142?
31
What is the remainder when 2153 is divided by 33?
8
What is the remainder when 1439 is divided by 12?
11
What is the remainder when 5381 is divided by 38?
23
What is the remainder when 467 is divided by 42?
5
Calculate the remainder when 2364 is divided by 1157.
50
What is the remainder when 312 is divided by 96?
24
What is the remainder when 491 is divided by 13?
10
Calculate the remainder when 112 is divided by 38.
36
What is the remainder when 259 is divided by 52?
51
Calculate the remainder when 39 is divided by 17.
5
Calculate the remainder when 235 is divided by 16.
11
Calculate the remainder when 1148 is divided by 146.
126
What is the remainder when 922 is divided by 16?
10
Calculate the remainder when 757 is divided by 36.
1
Calculate the remainder when 1871 is divided by 9.
8
What is the remainder when 135 is divided by 6?
3
Calculate the remainder when 712 is divided by 15.
7
What is the remainder when 399 is divided by 4?
3
Calculate the remainder when 958 is divided by 15.
13
Calculate the remainder when 7919 is divided by 89.
87
What is the remainder when 263 is divided by 89?
85
Calculate the remainder when 336 is divided by 13.
11
What is the remainder when 873 is divided by 303?
267
Calculate the remainder when 226 is divided by 6.
4
Calculate the remainder when 414 is divided by 81.
9
What is the remainder when 128 is divided by 7?
2
What is the remainder when 1469 is divided by 9?
2
Calculate the remainder when 1700 is divided by 31.
26
What is the remainder when 44 is divided by 6?
2
Calculate the remainder when 16 is divided by 5.
1
What is the remainder when 136 is divided by 34?
0
Calculate the remainder when 1242 is divided by 112.
10
What is the remainder when 1776 is divided by 106?
80
What is the remainder when 23 is divided by 8?
7
Calculate the remainder when 825 is divided by 9.
6
What is the remainder when 4138 is divided by 296?
290
Calculate the remainder when 2023 is divided by 17.
0
Calculate the remainder when 772 is divided by 198.
178
Calculate the remainder when 2342 is divided by 51.
47
Calculate the remainder when 1649 is divided by 28.
25
What is the remainder when 185 is divided by 72?
41
What is the remainder when 268 is divided by 47?
33
Calculate the remainder when 875 is divided by 26.
17
Calculate the remainder when 20 is divided by 11.
9
What is the remainder when 58 is divided by 7?
2
What is the remainder when 2600 is divided by 258?
20
Calculate the remainder when 1266 is divided by 206.
30
Calculate the remainder when 28286 is divided by 63.
62
Calculate the remainder when 246 is divided by 18.
12
What is the remainder when 801 is divided by 141?
96
What is the remainder when 471 is divided by 422?
49
Calculate the remainder when 5816 is divided by 62.
50
Calculate the remainder when 27 is divided by 14.
13
Calculate the remainder when 1575 is divided by 19.
17
What is the remainder when 193 is divided by 5?
3
What is the remainder when 12944 is divided by 121?
118
What is the remainder when 681 is divided by 227?
0
What is the remainder when 505 is divided by 249?
7
What is the remainder when 359 is divided by 175?
9
Calculate the remainder when 129 is divided by 26.
25
What is the remainder when 59 is divided by 17?
8
Calculate the remainder when 717 is divided by 10.
7
What is the remainder when 222 is divided by 56?
54
Calculate the remainder when 574 is divided by 8.
6
What is the remainder when 288 is divided by 136?
16
What is the remainder when 1075 is divided by 353?
16
Calculate the remainder when 97 is divided by 13.
6
What is the remainder when 191 is divided by 24?
23
What is the remainder when 766 is divided by 16?
14
Calculate the remainder when 349 is divided by 87.
1
What is the remainder when 847 is divided by 106?
105
What is the remainder when 402 is divided by 201?
0
What is the remainder when 592 is divided by 152?
1